5407?
5
What is the ten thousands digit of 224604?
2
What is the ten thousands digit of 6094130?
9
What is the units digit of 22755040?
0
What is the tens digit of 6856991?
9
What is the hundreds digit of 6231627?
6
What is the millions digit of 16124082?
6
What is the units digit of 254690?
0
What is the hundred thousands digit of 376779?
3
What is the millions digit of 4107073?
4
What is the thousands digit of 2010257?
0
What is the millions digit of 13281540?
3
What is the hundreds digit of 1404141?
1
What is the thousands digit of 359156?
9
What is the ten thousands digit of 914550?
1
What is the units digit of 18672?
2
What is the tens digit of 4186211?
1
What is the units digit of 69348?
8
What is the thousands digit of 672293?
2
What is the units digit of 408574?
4
What is the hundred thousands digit of 7127686?
1
What is the thousands digit of 3283806?
3
What is the thousands digit of 253988?
3
What is the units digit of 3981169?
9
What is the thousands digit of 2238797?
8
What is the thousands digit of 391156?
1
What is the ten thousands digit of 11373012?
7
What is the ten thousands digit of 63423?
6
What is the units digit of 841768?
8
What is the thousands digit of 73305?
3
What is the hundred thousands digit of 5631004?
6
What is the ten thousands digit of 77869?
7
What is the ten thousands digit of 2645956?
4
What is the thousands digit of 1964553?
4
What is the hundreds digit of 130254?
2
What is the hundred thousands digit of 187359?
1
What is the ten thousands digit of 8961065?
6
What is the units digit of 794006?
6
What is the hundred thousands digit of 392293?
3
What is the tens digit of 424426?
2
What is the tens digit of 775892?
9
What is the hundred thousands digit of 369206?
3
What is the hundreds digit of 3616030?
0
What is the tens digit of 960546?
4
What is the millions digit of 3839172?
3
What is the units digit of 724308?
8
What is the thousands digit of 4995129?
5
What is the millions digit of 19538837?
9
What is the thousands digit of 6053812?
3
What is the thousands digit of 4927787?
7
What is the hundreds digit of 16130975?
9
What is the ten thousands digit of 1332903?
3
What is the hundred thousands digit of 19688749?
6
What is the tens digit of 2839924?
2
What is the hundreds digit of 6904564?
5
What is the hundreds digit of 888854?
8
What is the hundreds digit of 317351?
3
What is the units digit of 359188?
8
What is the hundred thousands digit of 2231621?
2
What is the ten millions digit of 21738384?
2
What is the hundred thousands digit of 1099897?
0
What is the ten thousands digit of 3982164?
8
What is the ten thousands digit of 88798?
8
What is the ten thousands digit of 12028860?
2
What is the hundred thousands digit of 14246567?
2
What is the units digit of 113384?
4
What is the ten thousands digit of 1781766?
8
What is the thousands digit of 9563574?
3
What is the tens digit of 490855?
5
What is the hundred thousands digit of 6522583?
5
What is the ten thousands digit of 3310551?
1
What is the tens digit of 303055?
5
What is the millions digit of 5732239?
5
What is the hundreds digit of 308148?
1
What is the thousands digit of 864108?
4
What is the units digit of 26975574?
4
What is the ten thousands digit of 3765601?
6
What is the units digit of 951031?
1
What is the ten thousands digit of 430185?
3
What is the thousands digit of 630017?
0
What is the hundreds digit of 1151291?
2
What is the hundred thousands digit of 814649?
8
What is the ten thousands digit of 4547792?
4
What is the units digit of 4558399?
9
What is the tens digit of 3205313?
1
What is the hundreds digit of 132360?
3
What is the hundreds digit of 8446947?
9
What is the tens digit of 525435?
3
What is the thousands digit of 821243?
1
What is the tens digit of 136767?
6
What is the units digit of 229316?
6
What is the hundreds digit of 349990?
9
What is the units digit of 1545058?
8
What is the thousands digit of 518622?
8
What is the tens digit of 26138256?
5
What is the hundreds digit of 730770?
7
What is the units digit of 174079?
9
What is the millions digit of 3549225?
3
What is the hundreds digit of 145204?
2
What is the millions digit of 8324195?
8
What is the tens digit of 254159?
5
What is the millions digit of 6188858?
6
What is the thousands digit of 28241?
8
What is the millions digit of 11161420?
1
What is the hundreds digit of 549358?
3
What is the units digit of 138156?
6
What is the tens digit of 26975816?
1
What is the units digit of 11422011?
1
What is the units digit of 206043?
3
What is the ten thousands digit of 280342?
8
What is the ten thousands digit of 125476?
2
What is the thousands digit of 256372?
6
What is the hundred thousands digit of 555207?
5
What is the hundred thousands digit of 344786?
3
What is the millions digit of 31769701?
1
What is the hundred thousands digit of 194427?
1
What is the units digit of 6239125?
5
What is the thousands digit of 1354877?
4
What is the hundred thousands digit of 4587377?
5
What is the ten thousands digit of 111947?
1
What is the ten thousands digit of 675685?
7
What is the ten thousands digit of 275413?
7
What is the units digit of 4448767?
7
What is the ten thousands digit of 145518?
4
What is the ten thousands digit of 233839?
3
What is the ten millions digit of 10082045?
1
What is the millions digit of 1836304?
1
What is the ten thousands digit of 68818?
6
What is the hundred thousands digit of 335866?
3
What is the ten thousands digit of 217713?
1
What is the hundred thousands digit of 518161?
5
What is the ten thousands digit of 1104567?
0
What is the ten thousands digit of 926994?
2
What is the hundreds digit of 1696505?
5
What is the units digit of 18383846?
6
What is the tens digit of 49544?
4
What is the hundreds digit of 109267?
2
What is the tens digit of 15773117?
1
What is the thousands digit of 675032?
5
What is the units digit of 1941638?
8
What is the ten thousands digit of 156924?
5
What is the millions digit of 2386079?
2
What is the ten thousands digit of 2841331?
4
What is the ten thousands digit of 336000?
3
What is the thousands digit of 244570?
4
What is the thousands digit of 27586589?
6
What is the units digit of 17685263?
3
What is the hundreds digit of 7422453?
4
What is the units digit of 288775?
5
What is the thousands digit of 4611985?
1
What is the tens digit of 11488135?
3
What is the units digit of 1224346?
6
What is the hundred thousands digit of 2226551?
2
What is the hundreds digit of 25931?
9
What is the hundred thousands digit of 224301?
2
What is the tens digit of 255653?
5
What is the hundred thousands digit of 26268802?
2
What is the ten thousands digit of 62686?
6
What is the tens digit of 463517?
1
What is the hundred thousands digit of 2041478?
0
What is the units digit of 930188?
8
What is the ten thousands digit of 311232?
1
What is the tens digit of 296081?
8
What is the hundred thousands digit of 945808?
9
What is the units digit of 60885?
5
What is the ten thousands digit of 22684?
2
What is the units digit of 4386332?
2
What is the thousands digit of 15032390?
2
What is the hundred thousands digit of 370595?
3
What is the units digit of 7232331?
1
What is the hundreds digit of 61324?
3
What is the ten thousands digit of 301729?
0
What is the ten millions digit of 27312131?
2
What is the millions digit of 3438320?
3
What is the tens digit of 5716665?
6
What is the ten thousands digit of 6851502?
5
What is the thousands digit of 848369?
8
What is the hundred thousands digit of 5086593?
0
What is the thousands digit of 83458?
3
What is the units digit of 2017232?
2
What is the units digit of 221015?
5
What is the thousands digit of 14351318?
1
What is the hundred thousands digit of 997344?
9
What is the hundred thousands digit of 10635352?
6
What is the hundreds digit of 4135980?
9
What is the tens digit of 1301428?
2
What is the tens digit of 101172?
7
What is the ten thousands digit of 639301?
3
What is the ten thousands digit of 154705?
5
What is the ten thousands digit of 174293?
7
What is the tens digit of 1326259?
5
What is the ten millions digit of 18567970?
1
What is the thousands digit of 324511?
4
What is the thousands digit of 3523170?
3
What is the ten thousands digit of 516228?
1
What is the ten thousand